he value of 3 + 13 + (-8 - 0)?
8
1 + 4 + 0 - (-4 + 24) - 0
-15
What is -5 - (-3 - -1) - (-838 - -844)?
-9
Calculate (-6 - -1) + -2 - (15 + -13 + 2).
-11
What is -2 + 7 - (-1 - 2)?
8
Calculate (-6 - -1) + (-5 + (1 - 10) - -11).
-8
What is 156 + -130 + (0 - 13)?
13
What is 6 - (-25 - (0 + (-7 - -9)))?
33
Evaluate (0 + -5 - (45 + -38)) + 0.
-12
Evaluate (4 - (-4 + 9)) + (19 - 12) + -2.
4
What is 4 + (6 - 1) + -3 + (-4 - 15)?
-13
What is the value of 2 + 1 + (58 - (157 + -84))?
-12
What is the value of 563 - 562 - (-1 - 3)?
5
What is (-3 - 1) + 3 + (-17 - 4) + 17?
-5
Calculate -7 - (-1 + 4 + (10 - 8)).
-12
Evaluate 27 + -12 + 1 + -7 + 5 + -3.
11
3 - (3 + (-9 + 21 - 6))
-6
Evaluate 16 + -23 + 10 + 6.
9
33 - 36 - (-5 - ((-5 - 0) + -2))
-5
What is 31 + 11 + -43 + 16?
15
What is the value of 26 + -27 - (0 + -9) - (1 + -5)?
12
10 + -10 + (-18 - -18)
0
What is -33 - (-3 + -7 + 2) - -9 - -3?
-13
What is 13 - ((1 - 1) + (169 - 162))?
6
Evaluate 21 - (24 + -10) - 15.
-8
What is 25 - 34 - (-1 - (-7 - -2))?
-13
Evaluate (-15 - 0) + (164 - 160).
-11
What is the value of -10 - (1 - -1 - -7)?
-19
2 + -15 + 8 - (0 + 2 + 0)
-7
Evaluate (6 - 1) + 4 + (5 - 11 - -6).
9
What is the value of 3 - 4 - (37 - 24)?
-14
(-8 - -1) + 10 + -5 - (-7 - -4)
1
Evaluate -1 + (-6 + (0 - -14) - -6).
13
What is the value of (-6 - 8) + 18 + -14?
-10
Evaluate 20 - (-35 - -84) - -34.
5
(-30 - -29) + (0 - 3) - (1 + -4)
-1
-6 + (-2 - -6) - -4 - (11 + -8)
-1
What is the value of -25 + 1 + 48 + -42 + 7?
-11
Evaluate 16 + -9 + (-11 - -3) + 5 + 2.
6
What is the value of -1 + 0 + -11 + 0 + -9?
-21
Evaluate (-2 - -4) + -8 + -4.
-10
Calculate -2 - 1 - 1 - (-5 + 1 + 10).
-10
What is the value of -8 - ((-2 - ((6 - 1) + -10)) + -8)?
-3
What is (-4 - 1 - (48 - 43)) + -11?
-21
-19 - (-9 - (-50 + 26))
-34
Calculate -59 - -22 - -63 - (7 + 0).
19
(271 - 281) + (12 + -3 - -2)
1
Evaluate -5 + 27 + -4 + -2 + -36.
-20
Calculate 14 + -15 + (-3 - (-7 + 1)).
2
What is 7 - -5 - (-3 + 18 - 10)?
7
Evaluate -65 + 68 + (-1 - -4).
6
What is the value of (-23 - -82 - 35) + -5?
19
Calculate 4 + (-15 - (4 + -9 + 5)) + -2.
-13
Calculate -25 - (-1 + -3 + 1) - (-33 - -26).
-15
What is -16 - (-14 + -2 + -7 + 15) - 9?
-17
-2 + (-1 - -1) + 4 - (-1 + -1)
4
Evaluate (-14 - -11 - 13) + 22.
6
What is -57 - -32 - -16 - -20?
11
What is the value of 21 - 0 - (579 - 569)?
11
What is -21 + 9 + ((7 - 14) + 7 - -2)?
-10
What is the value of -78 + (37 - -52) + (2 - -2)?
15
What is -1 + 20 + (205 - 195 - (20 + 0))?
9
What is -120 + (101 - -25) + 0 + -36 + 2?
-28
Evaluate 1 - 5 - ((-3 - -5) + -27 + 33).
-12
What is -12 - (-1 - -15 - (6 + -14 + 11))?
-23
Calculate 35 + 9 + -32 + 1 + -10.
3
-7 - ((9 + (-2 - 3) - 21) + 3)
7
What is -13 - (-82 + 30 + 18)?
21
What is -30 - ((8 - 1) + -12 + 12 + -16)?
-21
What is the value of 3 - -4 - (42 - 47)?
12
Calculate 1 + (-9 - -5) - (-6 - -3 - -6).
-6
Calculate -33 + (87 - (-37 + 65)).
26
Calculate -10 + 0 + 37 + -36 + 2.
-7
What is the value of (7 - -6) + -40 + 15?
-12
-28 + 0 - (-290 - -281)
-19
What is (2 - -5) + -2 + (15 - 21) + 10?
9
Calculate -1 + (11 - (2 - -3) - 4).
1
Calculate -34 + (37 - 9 - 12).
-18
Calculate 24 - (-25 + (48 - 0)).
1
What is 9 + -17 - -4 - (-3 + -2)?
1
-54 + 51 - (-2 - (4 - 0))
3
What is the value of 11 + -9 - (3 - 8 - -6)?
1
Calculate -30 + (-20 - (-85 + 11)).
24
What is (-2 - -6) + (-15 - -12) + -12?
-11
Calculate 5 - (-14 - -18) - 9.
-8
What is -12 - -2 - (0 - 5) - -14 - -2?
11
-11 + -3 + (-5 - -14) + 3
-2
What is (15 - (-12 + 31)) + 6 - 1?
1
What is 42 + -14 - (42 + -21)?
7
Evaluate -7 + (-4 - -4 - 4 - -5) - 6.
-12
42 - (4 + 14) - 16
8
Evaluate 32 - ((33 - -3) + 0).
-4
What is -23 - -19 - (14 + -1 + 4)?
-21
Calculate -134 + 144 + -8 + 0.
2
Calculate -2 - 0 - -8 - (22 + 27 + -14).
-29
Calculate 172 - 187 - (-1 + 15 + -2).
-27
Calculate (16 - 4) + -15 + 8 + 0.
5
(195 - 181) + (-1 - -1) + -2 + 1
13
What is 3 + -9 - (-2 + (-17 - -11) - -4)?
-2
Calculate -2 - (-11 + (-2 - ((-7 - -4) + -3))).
5
(34 - (28 - -21)) + 9
-6
(-65 - -55) + (-3 - -10)
-3
What is the value of -1 + (0 - -18) - (-2030 - -2019)?
28
What is 6 + -4 + 8 - (3 + 3)?
4
Evaluate (-1 - -34) + (-17 - 66) + 81.
31
What is -16 + 5 + -2 + 10?
-3
What is 0 + 2 + (3 - (-10 + 11)) + 21?
25
What is the value of 13 + -16 + 13 + -15 - 12?
-17
Evaluate 14 + 3 + -10 + -1 + -6.
0
Calculate -3 - ((0 - 0) + (-6 - -12)).
-9
(-3 - (2 - 7 - -5)) + 8 - -11
16
What is the value of 6 + -2 + 8 + -10 + -1 - -27?
28
8 - (-28 - (10 - 26))
20
7 - 1 - ((-11 - -24) + -6 - 16)
15
What is the value of -20 + 8 + 0 + 4?
-8
Evaluate (2 - -9) + 8 + -20 - (-4 - 1).
4
-1746 + 1679 - (-36 - 1)
-30
Calculate 16 + -14 - (-13 + (-6 - (-12 - -4))).
13
What is the value of -16 - (9 - 16) - (1 - -1)?
-11
What is the value of -6 - (10 - 5) - (34 + -39)?
-6
What is -6 + (0 - -2 - (3 + 1)) + 11?
3
Evaluate 31 - -1 - (-41 + 86).
-13
What is -10 + 9 + -4 - (-27 + 27)?
-5
Evaluate -1 - ((9 - 1) + (13 - 20)).
-2
Calculate 0 + -2 + (11 - -1) + (-1383 - -1379).
6
Calculate -10 + -13 - (88 - 131).
20
What is 15 + (3 - -1) + (-154 - -140) + -10?
-5
What is the value of (-1 - 5) + (616 - 589)?
21
234 + -232 - (0 + -2)
4
Calculate -8 - (13 - 7 - 10).
-4
Evaluate 163 + -140 - (15 + 0).
8
What is 34 + -27 + 1 - (41 - 2)?
-31
What is the value of 14 + -9 + 0 - -7?
12
Calculate (-14 + -3 - 19) + 18.
-18
What is -1 + 20 - (-203 + 207)?
15
What is the value of 5 + (-19 + 2 - (14 + -21))?
-5
7 + (-25 - -23) + -17
-12
Evaluate (-9 - (-16 + 13)) + -7.
-13
Evaluate -2 + -27 - (-1 + -25).
-3
Calculate -80 + 74 + -6 + 2 + 1 + 4.
-5
What is the value of 0 - (-8 + 12 - 5 - -6)?
-5
What is the value of (-26 - (-3 + -12)) + 11?
0
Calculate 2 + 19 - (20 + 15).
-14
What is (-4 - -2) + 101 + -84?
15
-2 + 4 + (-3 - -1) + 8 + 4
12
What is the value of (14 - 1 - 1 - (98 + -90)) + 3?
7
Calculate 29 + -40 - (-2 + 0).
-9
What is 8 - 1 - (7 - (31 + -22))?
9
What is -8 - (2 + 10 + -27)?
7
What is -6 + 9 + -9 + 12?
6
Calculate (-30 - -30) + (18 - (1 - 3)) + -4.
16
What is the value of 1 + (-7 - 1) - (-24 + -3 + 3)?
17
Calculate (8 - (9 + -2 + -1) - -1) + 8.
11
-15 + 1 - (15 - 17 - -17 - 11)
-18
Calculate (8 - 2) + (-1 + 0 - (-44 - -47)).
2
What is the value of (-15 - -15) + 0 - (3 - -2)?
-5
Evaluate 14 + -19 + (8 - 10).
-7
Evaluate 1 - 5 - ((-6 - -20) + -24).
6
Evaluate 1 + 5 - (3 - 11) - 6.
8
Evaluate 3 - (9 + -7) - (-1 - -12).
-10
Evaluate -6 - (-1 + (6 - (-3 - -4)) + -3).
-7
What is 13 + 25 + -30 + 3?
11
What is the value of (-11 - (-21 + 6)) + -19?
-15
Calculate (-5 - (6 - (3 - 3))) + 19.
8
What is (-23 - (-3 - 5) - -8 - -7) + 9?
9
What is the value of -31 + 9 + 2 + 17?
-3
Evaluate -7 - (-24 + 24) - -33.
26
(-6 - -31) + (58 - 71) + -20
-8
Calculate -3 + (8 - 15) - -13 - 11.
-8
0 - ((2 - (-2 + 4)) + -1)
1
9 + 2 + -1 + -1 + (13 - 19)
3
What is -9 + 9 + -5 + 14?
9
Calculate (0 + 0 - -13) + 233 + -238.
8
-5 + (1 - 5) + -1 + 7
-3
What is the value of -69 + 85 - (-4 + 4 - (-1 - -6))?
21
What is the value of (2 - 1) + -5 + -58 + 61?
-1
Calculate -1 - (-14 + (1 - -6) + 1 + 2).
3
What is (0 - 16) + (8 + -32 - -67)?
27
-48 + 51 + -6 + -1
-4
Calculate -29 - 0 - (-13 - 39).
23
Calculate 0 + -10 + -1 - (-6 - 1).
-4
-7 + (-12 - -5 - -4 - (-1 - -4))
-13
22 + -30 + 26 - ((-6 - -3) + 3)
18
Evaluate -9 + 3 + -35 + 12 + 14.
-15
What is the value of (-2 - -2) + -4 + 8 + -3 - -34?
35
What is 19 - (49 + -18 + 1)?
-13
(-8 - -10 - -2) + (-6 - -2) + 12
12
(0 - 0) + (12 + 11 - 2) + -8
13
(-5 + -4 - (-14 - -5)) + 1
1
What is -12 - (7 + -18 + 20)?
-21
((-2 - 2) + -2 - -6) + (-13 - -15)
2
What is the value of -161 + 169 + (-12 - (0 - 2))?
-2
(-2 - -13) + (7 - 20)
-2
What is 0 - -2 - (-3 - -14)?
-9
What is -25 + 11 - (0 + 2)?
-16
-2 - (5 - 7) - (0 + 1 + 1)
-2
Calculate 0 + 9 + 9 + (-16 - -6) - -8.
16
Evaluate -15 - 0 - -18 - -4.
7
What is the value of -10 - (-1 + -4) - -2 - -8?
5
What is (1 - -4) + 1 - ((38 - 24) + -11)?
3
What is -2 + -31 + 19 + 6 + (-1 - -18)?
9
Calculate 35 + -32 - (-4 - -1) - -2.
8
-19 + 13 - -20 - ((0 - -5) + 3)
6
1 - (7 + -11) - -5
10
What is (0 + -2 + 0 - 3) + -70 + 67?
-8
What is the value of (17 - (14 + -6)) + -23?
-14
What is -18 - (13 + -22 - 21)?
12
What is the value of (50 - 56) + -3 + 4?
-5
(-5 - (-5 + -8 + 0)) + -1
7
Calculate (0 - -18) + (19 - (74 - 52)).
15
-20 - 0 - (13 + -24)
-9
(-1